[INFO] cloning repository https://github.com/momentohq/sorted-set-benchmark
[INFO] running `Command { std: "git" "-c" "credential.helper=" "-c" "credential.helper=/workspace/cargo-home/bin/git-credential-null" "clone" "--bare" "https://github.com/momentohq/sorted-set-benchmark" "/workspace/cache/git-repos/https%3A%2F%2Fgithub.com%2Fmomentohq%2Fsorted-set-benchmark", kill_on_drop: false }`
[INFO] [stderr] Cloning into bare repository '/workspace/cache/git-repos/https%3A%2F%2Fgithub.com%2Fmomentohq%2Fsorted-set-benchmark'...
[INFO] running `Command { std: "git" "rev-parse" "HEAD", kill_on_drop: false }`
[INFO] [stdout] ccd8e8749e6611462396374e21aec4a34d3fe1c1
[INFO] checking momentohq/sorted-set-benchmark against 40527f3e444fde1deb361751bdef9b9e11d1b971+rustflags=--cfg crater_hack --force-warn invalid-c-variadic-arguments for pr-162478
[INFO] running `Command { std: "git" "clone" "/workspace/cache/git-repos/https%3A%2F%2Fgithub.com%2Fmomentohq%2Fsorted-set-benchmark" "/workspace/builds/worker-0-tc2/source", kill_on_drop: false }`
[INFO] [stderr] Cloning into '/workspace/builds/worker-0-tc2/source'...
[INFO] [stderr] done.
[INFO] started tweaking git repo https://github.com/momentohq/sorted-set-benchmark
[INFO] finished tweaking git repo https://github.com/momentohq/sorted-set-benchmark
[INFO] tweaked toml for git repo https://github.com/momentohq/sorted-set-benchmark written to /workspace/builds/worker-0-tc2/source/Cargo.toml
[INFO] validating manifest of git repo https://github.com/momentohq/sorted-set-benchmark on toolchain 40527f3e444fde1deb361751bdef9b9e11d1b971
[INFO] running `Command { std: CARGO_HOME="/workspace/cargo-home" RUSTUP_HOME="/workspace/rustup-home" "/workspace/cargo-home/bin/cargo" "+40527f3e444fde1deb361751bdef9b9e11d1b971" "metadata" "--manifest-path" "Cargo.toml" "--no-deps", kill_on_drop: false }`
[INFO] crate git repo https://github.com/momentohq/sorted-set-benchmark already has a lockfile, it will not be regenerated
[INFO] running `Command { std: CARGO_HOME="/workspace/cargo-home" RUSTUP_HOME="/workspace/rustup-home" "/workspace/cargo-home/bin/cargo" "+40527f3e444fde1deb361751bdef9b9e11d1b971" "fetch" "--manifest-path" "Cargo.toml", kill_on_drop: false }`
[INFO] [stderr] warning: binary `zset_bench` should have a kebab-case name
[INFO] [stderr]    |
[INFO] [stderr]  1 | /workspace/builds/worker-0-tc2/source/target/.../zset_bench
[INFO] [stderr]    |                                                  ^^^^^^^^^^
[INFO] [stderr]    |
[INFO] [stderr]    = note: `cargo::non_kebab_case_bins` is set to `warn` by default
[INFO] [stderr] help: to change the binary name to `zset-bench`, convert `package.name`
[INFO] [stderr]   --> Cargo.toml:23:8
[INFO] [stderr]    |
[INFO] [stderr] 23 - name = "zset_bench"
[INFO] [stderr] 23 + name = "zset-bench"
[INFO] [stderr]    |
[INFO] [stderr] help: to change the binary name to `zset-bench`, specify `bin.name`
[INFO] [stderr]   --> Cargo.toml:24:19
[INFO] [stderr]    |
[INFO] [stderr] 24 ~ version = "0.1.0"
[INFO] [stderr] 25 + [[bin]]
[INFO] [stderr] 26 + name = "zset-bench"
[INFO] [stderr] 27 + path = "src/main.rs"
[INFO] [stderr]    |
[INFO] [stderr] warning: `zset_bench` (manifest) generated 1 warning
[INFO] [stderr]     Blocking waiting for file lock on package cache
[INFO] [stderr]     Blocking waiting for file lock on package cache
[INFO] [stderr]  Downloading crates ...
[INFO] [stderr]   Downloaded papergrid v0.11.0
[INFO] [stderr]   Downloaded tokio-retry v0.3.0
[INFO] [stderr]   Downloaded tabled_derive v0.7.0
[INFO] [stderr]   Downloaded sha1_smol v1.0.1
[INFO] [stderr]   Downloaded windows-targets v0.53.4
[INFO] [stderr]   Downloaded anstream v0.6.20
[INFO] [stderr]   Downloaded clap_derive v4.5.47
[INFO] [stderr]   Downloaded clap v4.5.48
[INFO] [stderr]   Downloaded arc-swap v1.7.1
[INFO] [stderr]   Downloaded tabled v0.15.0
[INFO] [stderr]   Downloaded clap_builder v4.5.48
[INFO] [stderr]   Downloaded redis v0.25.4
[INFO] running `Command { std: "docker" "create" "-v" "/var/lib/crater-agent-workspace/builds/worker-0-tc2/source:/opt/rustwide/workdir:ro,Z" "-v" "/var/lib/crater-agent-workspace/builds/worker-0-tc2/target:/opt/rustwide/target:rw,Z" "-v" "/var/lib/crater-agent-workspace/cargo-home:/opt/rustwide/cargo-home:ro,Z" "-v" "/var/lib/crater-agent-workspace/rustup-home:/opt/rustwide/rustup-home:ro,Z" "-m" "1610612736" "--network" "none" "ghcr.io/rust-lang/crates-build-env/linux@sha256:8683fc1fc2eb5c9ac98e0d076ab094b2ffac7f99da555d2b6a2e27f346de2ec7" "sleep" "infinity", kill_on_drop: false }`
[INFO] [stdout] 013925499ae8ebe09557bd24d477a410099890dbb13d2bae5b6caf30df0c7290
[INFO] running `Command { std: "docker" "start" "013925499ae8ebe09557bd24d477a410099890dbb13d2bae5b6caf30df0c7290", kill_on_drop: false }`
[INFO] running `Command { std: "docker" "inspect" "013925499ae8ebe09557bd24d477a410099890dbb13d2bae5b6caf30df0c7290", kill_on_drop: false }`
[INFO] running `Command { std: "docker" "exec" "-e" "SOURCE_DIR=/opt/rustwide/workdir" "-e" "CARGO_HOME=/opt/rustwide/cargo-home" "-e" "RUSTUP_HOME=/opt/rustwide/rustup-home" "-e" "CARGO_TARGET_DIR=/opt/rustwide/target" "-w" "/opt/rustwide/workdir" "--user" "0:0" "013925499ae8ebe09557bd24d477a410099890dbb13d2bae5b6caf30df0c7290" "/opt/rustwide/cargo-home/bin/cargo" "+40527f3e444fde1deb361751bdef9b9e11d1b971" "metadata" "--no-deps" "--format-version=1", kill_on_drop: false }`
[INFO] running `Command { std: "docker" "inspect" "013925499ae8ebe09557bd24d477a410099890dbb13d2bae5b6caf30df0c7290", kill_on_drop: false }`
[INFO] running `Command { std: "docker" "exec" "-e" "SOURCE_DIR=/opt/rustwide/workdir" "-e" "CARGO_HOME=/opt/rustwide/cargo-home" "-e" "RUSTUP_HOME=/opt/rustwide/rustup-home" "-e" "CARGO_TARGET_DIR=/opt/rustwide/target" "-e" "CARGO_INCREMENTAL=0" "-e" "RUST_BACKTRACE=full" "-e" "RUSTFLAGS=--cap-lints=forbid --cfg crater_hack --force-warn invalid-c-variadic-arguments" "-e" "RUSTDOCFLAGS=--cap-lints=forbid" "-w" "/opt/rustwide/workdir" "--user" "0:0" "013925499ae8ebe09557bd24d477a410099890dbb13d2bae5b6caf30df0c7290" "/opt/rustwide/cargo-home/bin/cargo" "+40527f3e444fde1deb361751bdef9b9e11d1b971" "check" "--frozen" "--all" "--all-targets" "--message-format=json", kill_on_drop: false }`
[INFO] [stderr] warning: binary `zset_bench` should have a kebab-case name
[INFO] [stderr]    |
[INFO] [stderr]  1 | /opt/rustwide/target/.../zset_bench
[INFO] [stderr]    |                          ^^^^^^^^^^
[INFO] [stderr]    |
[INFO] [stderr]    = note: `cargo::non_kebab_case_bins` is set to `warn` by default
[INFO] [stderr] help: to change the binary name to `zset-bench`, convert `package.name`
[INFO] [stderr]   --> Cargo.toml:23:8
[INFO] [stderr]    |
[INFO] [stderr] 23 - name = "zset_bench"
[INFO] [stderr] 23 + name = "zset-bench"
[INFO] [stderr]    |
[INFO] [stderr] help: to change the binary name to `zset-bench`, specify `bin.name`
[INFO] [stderr]   --> Cargo.toml:24:19
[INFO] [stderr]    |
[INFO] [stderr] 24 ~ version = "0.1.0"
[INFO] [stderr] 25 + [[bin]]
[INFO] [stderr] 26 + name = "zset-bench"
[INFO] [stderr] 27 + path = "src/main.rs"
[INFO] [stderr]    |
[INFO] [stderr] warning: `zset_bench` (manifest) generated 1 warning
[INFO] [stderr]    Compiling proc-macro2 v1.0.101
[INFO] [stderr]    Compiling unicode-ident v1.0.19
[INFO] [stderr]    Compiling libc v0.2.176
[INFO] [stderr]    Compiling zerocopy v0.8.27
[INFO] [stderr]    Compiling icu_properties_data v2.0.1
[INFO] [stderr]     Checking cfg-if v1.0.3
[INFO] [stderr]    Compiling syn v1.0.109
[INFO] [stderr]     Checking smallvec v1.15.1
[INFO] [stderr]     Checking futures-channel v0.3.31
[INFO] [stderr]    Compiling serde v1.0.228
[INFO] [stderr]     Checking anstyle v1.0.11
[INFO] [stderr]    Compiling portable-atomic v1.11.1
[INFO] [stderr]     Checking anstyle-query v1.1.4
[INFO] [stderr]     Checking is_terminal_polyfill v1.70.1
[INFO] [stderr]     Checking form_urlencoded v1.2.2
[INFO] [stderr]     Checking clap_lex v0.7.5
[INFO] [stderr]     Checking unicode-width v0.2.1
[INFO] [stderr]     Checking unicode-width v0.1.14
[INFO] [stderr]    Compiling heck v0.4.1
[INFO] [stderr]     Checking bytecount v0.6.9
[INFO] [stderr]     Checking number_prefix v0.4.0
[INFO] [stderr]     Checking arc-swap v1.7.1
[INFO] [stderr]     Checking sha1_smol v1.0.1
[INFO] [stderr]     Checking humansize v2.1.3
[INFO] [stderr]     Checking urlencoding v2.1.3
[INFO] [stderr]     Checking anstream v0.6.20
[INFO] [stderr]     Checking papergrid v0.11.0
[INFO] [stderr]     Checking clap_builder v4.5.48
[INFO] [stderr]    Compiling quote v1.0.40
[INFO] [stderr]    Compiling syn v2.0.106
[INFO] [stderr]    Compiling proc-macro-error-attr v1.0.4
[INFO] [stderr]     Checking getrandom v0.2.16
[INFO] [stderr]     Checking mio v1.0.4
[INFO] [stderr]     Checking socket2 v0.6.0
[INFO] [stderr]     Checking socket2 v0.5.10
[INFO] [stderr]     Checking console v0.15.11
[INFO] [stderr]     Checking rand_core v0.6.4
[INFO] [stderr]     Checking indicatif v0.17.11
[INFO] [stderr]     Checking ppv-lite86 v0.2.21
[INFO] [stderr]    Compiling proc-macro-error v1.0.4
[INFO] [stderr]     Checking rand_chacha v0.3.1
[INFO] [stderr]    Compiling tabled_derive v0.7.0
[INFO] [stderr]     Checking rand v0.8.5
[INFO] [stderr]     Checking tabled v0.15.0
[INFO] [stderr]    Compiling synstructure v0.13.2
[INFO] [stderr]    Compiling zerovec-derive v0.11.1
[INFO] [stderr]    Compiling displaydoc v0.2.5
[INFO] [stderr]    Compiling tokio-macros v2.5.0
[INFO] [stderr]    Compiling futures-macro v0.3.31
[INFO] [stderr]    Compiling serde_derive v1.0.228
[INFO] [stderr]    Compiling pin-project-internal v1.1.10
[INFO] [stderr]    Compiling thiserror-impl v1.0.69
[INFO] [stderr]    Compiling async-trait v0.1.89
[INFO] [stderr]    Compiling clap_derive v4.5.47
[INFO] [stderr]    Compiling zerofrom-derive v0.1.6
[INFO] [stderr]    Compiling yoke-derive v0.8.0
[INFO] [stderr]     Checking futures-util v0.3.31
[INFO] [stderr]     Checking tokio v1.47.1
[INFO] [stderr]     Checking thiserror v1.0.69
[INFO] [stderr]     Checking clap v4.5.48
[INFO] [stderr]     Checking pin-project v1.1.10
[INFO] [stderr]     Checking zerofrom v0.1.6
[INFO] [stderr]     Checking yoke v0.8.0
[INFO] [stderr]     Checking zerovec v0.11.4
[INFO] [stderr]     Checking zerotrie v0.2.2
[INFO] [stderr]     Checking tinystr v0.8.1
[INFO] [stderr]     Checking potential_utf v0.1.3
[INFO] [stderr]     Checking icu_collections v2.0.0
[INFO] [stderr]     Checking icu_locale_core v2.0.0
[INFO] [stderr]     Checking icu_provider v2.0.0
[INFO] [stderr]     Checking icu_properties v2.0.1
[INFO] [stderr]     Checking icu_normalizer v2.0.0
[INFO] [stderr]     Checking futures-executor v0.3.31
[INFO] [stderr]     Checking futures v0.3.31
[INFO] [stderr]     Checking tokio-util v0.7.16
[INFO] [stderr]     Checking tokio-retry v0.3.0
[INFO] [stderr]     Checking combine v4.6.7
[INFO] [stderr]     Checking idna_adapter v1.2.1
[INFO] [stderr]     Checking idna v1.1.0
[INFO] [stderr]     Checking url v2.5.7
[INFO] [stderr]     Checking redis v0.25.4
[INFO] [stdout] error[E0277]: the trait bound `!: FromRedisValue` is not satisfied
[INFO] [stdout]    --> /opt/rustwide/cargo-home/registry/src/index.crates.io-1949cf8c6b5b557f/redis-0.25.4/src/script.rs:176:21
[INFO] [stdout]     |
[INFO] [stdout] 176 |                     self.load_cmd().query_async(con).await?;
[INFO] [stdout]     |                     ^^^^^^^^^^^^^^^^^^^^^^^^^^^^^^^^ the trait `FromRedisValue` is not implemented for `!`
[INFO] [stdout]     |
[INFO] [stdout]     = help: the following other types implement trait `FromRedisValue`:
[INFO] [stdout]               ()
[INFO] [stdout]               (T12,)
[INFO] [stdout]               (T11, T12)
[INFO] [stdout]               (T10, T11, T12)
[INFO] [stdout]               (T9, T10, T11, T12)
[INFO] [stdout]               (T8, T9, T10, T11, T12)
[INFO] [stdout]               (T7, T8, T9, T10, T11, T12)
[INFO] [stdout]               (T6, T7, T8, T9, T10, T11, T12)
[INFO] [stdout]             and 45 others
[INFO] [stdout]     = note: this error might have been caused by changes to Rust's type-inference algorithm (see issue #148922 <https://github.com/rust-lang/rust/issues/148922> for more information)
[INFO] [stdout]     = help: you might have intended to use the type `()` here instead
[INFO] [stdout] note: required by a bound in `Cmd::query_async`
[INFO] [stdout]    --> /opt/rustwide/cargo-home/registry/src/index.crates.io-1949cf8c6b5b557f/redis-0.25.4/src/cmd.rs:430:36
[INFO] [stdout]     |
[INFO] [stdout] 430 |     pub async fn query_async<C, T: FromRedisValue>(&self, con: &mut C) -> RedisResult<T>
[INFO] [stdout]     |                                    ^^^^^^^^^^^^^^ required by this bound in `Cmd::query_async`
[INFO] [stdout] 
[INFO] [stdout] 
[INFO] [stdout] error[E0277]: the trait bound `!: FromRedisValue` is not satisfied
[INFO] [stdout]    --> /opt/rustwide/cargo-home/registry/src/index.crates.io-1949cf8c6b5b557f/redis-0.25.4/src/script.rs:176:37
[INFO] [stdout]     |
[INFO] [stdout] 176 |                     self.load_cmd().query_async(con).await?;
[INFO] [stdout]     |                                     ^^^^^^^^^^^ the trait `FromRedisValue` is not implemented for `!`
[INFO] [stdout]     |
[INFO] [stdout]     = help: the following other types implement trait `FromRedisValue`:
[INFO] [stdout]               ()
[INFO] [stdout]               (T12,)
[INFO] [stdout]               (T11, T12)
[INFO] [stdout]               (T10, T11, T12)
[INFO] [stdout]               (T9, T10, T11, T12)
[INFO] [stdout]               (T8, T9, T10, T11, T12)
[INFO] [stdout]               (T7, T8, T9, T10, T11, T12)
[INFO] [stdout]               (T6, T7, T8, T9, T10, T11, T12)
[INFO] [stdout]             and 45 others
[INFO] [stdout]     = note: this error might have been caused by changes to Rust's type-inference algorithm (see issue #148922 <https://github.com/rust-lang/rust/issues/148922> for more information)
[INFO] [stdout]     = help: you might have intended to use the type `()` here instead
[INFO] [stdout] note: required by a bound in `Cmd::query_async`
[INFO] [stdout]    --> /opt/rustwide/cargo-home/registry/src/index.crates.io-1949cf8c6b5b557f/redis-0.25.4/src/cmd.rs:430:36
[INFO] [stdout]     |
[INFO] [stdout] 430 |     pub async fn query_async<C, T: FromRedisValue>(&self, con: &mut C) -> RedisResult<T>
[INFO] [stdout]     |                                    ^^^^^^^^^^^^^^ required by this bound in `Cmd::query_async`
[INFO] [stdout] 
[INFO] [stdout] 
[INFO] [stdout] error[E0277]: the trait bound `!: FromRedisValue` is not satisfied
[INFO] [stdout]    --> /opt/rustwide/cargo-home/registry/src/index.crates.io-1949cf8c6b5b557f/redis-0.25.4/src/script.rs:176:54
[INFO] [stdout]     |
[INFO] [stdout] 176 |                     self.load_cmd().query_async(con).await?;
[INFO] [stdout]     |                                                      ^^^^^ the trait `FromRedisValue` is not implemented for `!`
[INFO] [stdout]     |
[INFO] [stdout]     = help: the following other types implement trait `FromRedisValue`:
[INFO] [stdout]               ()
[INFO] [stdout]               (T12,)
[INFO] [stdout]               (T11, T12)
[INFO] [stdout]               (T10, T11, T12)
[INFO] [stdout]               (T9, T10, T11, T12)
[INFO] [stdout]               (T8, T9, T10, T11, T12)
[INFO] [stdout]               (T7, T8, T9, T10, T11, T12)
[INFO] [stdout]               (T6, T7, T8, T9, T10, T11, T12)
[INFO] [stdout]             and 45 others
[INFO] [stdout]     = note: this error might have been caused by changes to Rust's type-inference algorithm (see issue #148922 <https://github.com/rust-lang/rust/issues/148922> for more information)
[INFO] [stdout]     = help: you might have intended to use the type `()` here instead
[INFO] [stdout] note: required by a bound in `Cmd::query_async`
[INFO] [stdout]    --> /opt/rustwide/cargo-home/registry/src/index.crates.io-1949cf8c6b5b557f/redis-0.25.4/src/cmd.rs:430:36
[INFO] [stdout]     |
[INFO] [stdout] 430 |     pub async fn query_async<C, T: FromRedisValue>(&self, con: &mut C) -> RedisResult<T>
[INFO] [stdout]     |                                    ^^^^^^^^^^^^^^ required by this bound in `Cmd::query_async`
[INFO] [stdout] 
[INFO] [stdout] 
[INFO] [stdout] error[E0277]: the trait bound `!: FromRedisValue` is not satisfied
[INFO] [stdout]    --> /opt/rustwide/cargo-home/registry/src/index.crates.io-1949cf8c6b5b557f/redis-0.25.4/src/script.rs:150:37
[INFO] [stdout]     |
[INFO] [stdout] 150 |                     self.load_cmd().query(con)?;
[INFO] [stdout]     |                                     ^^^^^ the trait `FromRedisValue` is not implemented for `!`
[INFO] [stdout]     |
[INFO] [stdout]     = help: the following other types implement trait `FromRedisValue`:
[INFO] [stdout]               ()
[INFO] [stdout]               (T12,)
[INFO] [stdout]               (T11, T12)
[INFO] [stdout]               (T10, T11, T12)
[INFO] [stdout]               (T9, T10, T11, T12)
[INFO] [stdout]               (T8, T9, T10, T11, T12)
[INFO] [stdout]               (T7, T8, T9, T10, T11, T12)
[INFO] [stdout]               (T6, T7, T8, T9, T10, T11, T12)
[INFO] [stdout]             and 45 others
[INFO] [stdout]     = note: this error might have been caused by changes to Rust's type-inference algorithm (see issue #148922 <https://github.com/rust-lang/rust/issues/148922> for more information)
[INFO] [stdout]     = help: you might have intended to use the type `()` here instead
[INFO] [stdout] note: required by a bound in `Cmd::query`
[INFO] [stdout]    --> /opt/rustwide/cargo-home/registry/src/index.crates.io-1949cf8c6b5b557f/redis-0.25.4/src/cmd.rs:420:21
[INFO] [stdout]     |
[INFO] [stdout] 420 |     pub fn query<T: FromRedisValue>(&self, con: &mut dyn ConnectionLike) -> RedisResult<T> {
[INFO] [stdout]     |                     ^^^^^^^^^^^^^^ required by this bound in `Cmd::query`
[INFO] [stdout] 
[INFO] [stdout] 
[INFO] [stdout] For more information about this error, try `rustc --explain E0277`.
[INFO] [stdout] 
[INFO] [stderr] error: could not compile `redis` (lib) due to 4 previous errors; 1 warning emitted
[INFO] running `Command { std: "docker" "inspect" "013925499ae8ebe09557bd24d477a410099890dbb13d2bae5b6caf30df0c7290", kill_on_drop: false }`
[INFO] running `Command { std: "docker" "rm" "-f" "013925499ae8ebe09557bd24d477a410099890dbb13d2bae5b6caf30df0c7290", kill_on_drop: false }`
[INFO] [stdout] 013925499ae8ebe09557bd24d477a410099890dbb13d2bae5b6caf30df0c7290
